 + 3 = -17, -2*s + 3*m + 56741 = 0. What is the ten thousands digit of s?
2
What is the tens digit of ((-2)/(-15) - 2/(-10)) + (-2723741)/(-831)?
7
Let h(m) = 18*m + 80. Suppose -3*k + z = -14 - 4, 0 = 3*k + 4*z - 3. What is the tens digit of h(k)?
7
Let b(u) = -2*u**3 + u**2 + 18*u - 33. What is the thousands digit of b(-10)?
1
What is the tens digit of 682 + (-24)/(-228)*19?
8
What is the units digit of 0/13 + 3 - (-17740 - 3)?
6
Let d(s) = s**3 + 18*s**2 + 69*s - 17. Let w be d(-12). Suppose -5*b + 5 = 3*n, 0*n - 5*b - 15 = n. Suppose n*l + 1575 = w*l. What is the units digit of l?
5
Let f = 253 - 250. Suppose 2*h + y = 473, -89 + 806 = f*h + 4*y. What is the hundreds digit of h?
2
Let u(s) = -116 + 54 - 47*s**2 + 54 - 5*s. Let r be u(-2). Let i = 326 + r. What is the units digit of i?
0
Let t be 3 - -1*(-2 - -3). Suppose -2*m = -4*a - 4, -t*m - 4*a = -80 + 24. Let v = 130 - m. What is the units digit of v?
0
Let u = -569 - -843. Suppose 4*a = 14*a - 4650. Let n = a - u. What is the tens digit of n?
9
Let c be ((-9)/(-6))/(3/8). Suppose -c*o + 662 = -9*l + 12*l, 670 = 3*l + 2*o. What is the hundreds digit of l?
2
Let u(g) be the second derivative of g**3/2 + 25*g**2 + 910*g. Suppose -2*x + 3*x + 8 = -2*h, -2*x + 26 = -3*h. What is the units digit of u(h)?
2
Suppose -7*i - 3 = -8*i. Suppose -i*n = -8 + 2. Suppose n*z - w - 67 = 57, 2*w = -2*z + 112. What is the tens digit of z?
6
Let h(g) = -5*g - 14 + 6*g**2 - 3*g**2 - 2*g**2. Let n be ((-1)/(-1) - 38/(-2))/((-10)/5). What is the hundreds digit of h(n)?
1
Let n be 25 + (2 - (4 - 5)). Suppose 12 = 4*r - n. What is the tens digit of r?
1
Suppose -408*n + 402*n + 20364 = 0. What is the tens digit of n?
9
Let q(f) = f**3 - 42*f - 118. Let x be q(-7). Suppose -412 - 380 = 3*w + 5*h, -3*w - 792 = -h. Let v = x - w. What is the units digit of v?
7
Let z(x) = 9*x - 168. Let b be z(22). What is the hundreds digit of -30*1*((-530)/b + 2)?
4
Let l(t) = 1496*t**2 + 224*t - 1069. What is the ten thousands digit of l(5)?
3
Let i = -598 + 204. Let n = i - -454. What is the units digit of n?
0
Let v(o) = -o**3 + 5*o**2 - 5*o + 7. Let w be v(4). Let n be 2 + 2/((-4)/(-2)). Suppose n*g + 4*r + 1 = 0, -4*g + 2*r + 3 = -w. What is the units digit of g?
1
Let m = -8717 + 15433. What is the tens digit of m?
1
Suppose -178*j + 171*j = -177359. What is the hundreds digit of j?
3
Let w be 3 - (-1 - -5 - 4). Suppose 0 = -w*c + c. Suppose -6*a + 8*a - 42 = c. What is the tens digit of a?
2
Let w be (-5 + 8)/(6/8) + -2. Suppose w*g - 10404 = -15*g. What is the units digit of g?
2
What is the hundreds digit of 1*(-7556)/((-8)/2)*3?
6
Let a be ((-815)/3)/(((-7)/3)/7). Suppose -q = -i + a, -2*q = 3*i + 121 - 2566. What is the tens digit of i?
1
Let h = -473 - -803. Let z = -41 + h. What is the hundreds digit of z?
2
Suppose 3*r - 49 = -p, 4*r - 14*p - 44 = -10*p. Let h(n) = -9*n - n + 4 + n**2 + 3. What is the units digit of h(r)?
2
Let s = 670 - 1416. Let n = -390 - s. Suppose -n = -8*o + 3*o + g, -5 = 5*g. What is the tens digit of o?
7
Let n = 720 + -414. Let s = n + 11. What is the hundreds digit of s?
3
Suppose 5*q = 2*c + 158491 - 2401, 2*c = 4*q - 124870. What is the units digit of q?
0
Let q = -5164 - -7668. Suppose -17*o = -539 - q. What is the tens digit of o?
7
Let u be -2 + ((-2)/4 - (-6)/(-12)). Let y = u + 148. Suppose 0 = -h - 4*s + 60, 4*h + 3*s - y = 2*h. What is the tens digit of h?
8
Let c be (-464 - 1)*-1*(-18)/(-30). Suppose 5868 + c = 9*s. What is the tens digit of s?
8
Let v(a) = 802*a**2 - 68*a + 10. What is the ten thousands digit of v(4)?
1
Let v be -5*(0 + 4 + -1). What is the thousands digit of (-6172)/(-5) + 1*6/v?
1
Suppose -25 = -4*n - 3*h, 3*n - 29 = -4*h - 5. Suppose -l = l - n*b - 502, -l = -b - 250. What is the hundreds digit of l?
2
Let k(x) = 8*x - 30. Let u be k(-7). Let t = -85 - u. Let a(f) = 129*f. What is the hundreds digit of a(t)?
1
Let g(p) = 19*p + 61. Let d(n) = 97*n + 306. Let o(l) = 4*d(l) - 22*g(l). What is the hundreds digit of o(-21)?
5
Let i(o) = -o**3 - 8*o**2 + 5*o + 4. Let t be i(-8). Let f = -496 - -541. Let q = t + f. What is the units digit of q?
9
Let u = -3516 + 7659. What is the units digit of u?
3
Let d = 9 - 24. Let s be 3/(1/((-1690)/d)). Suppose -s = -9*o + 832. What is the hundreds digit of o?
1
Let g(y) = 622*y**2 - 784*y + 5590. What is the thousands digit of g(7)?
0
Let f(g) = 11*g - 7. Let o(w) = 5*w - 3. Let z(p) = 6*f(p) - 13*o(p). Let h be z(6). Suppose -122 = h*t - 347. What is the tens digit of t?
7
Let w(p) = 2*p**2 - 9*p + 1. Let l be w(5). Let m be (2 + -2 + -2)/((-2)/l). Suppose 2*s + 282 = 5*v, -v - m*s + 3*s + 53 = 0. What is the units digit of v?
6
Suppose -5*r - 3*v - 30 = -80, -3*r - 3*v + 36 = 0. Suppose r*w - 40 = -3*w. Suppose w*z - 3*f - 465 = 0, -z + 555 = 4*z + 5*f. What is the tens digit of z?
1
Let z(i) = -11*i**2 - 2*i - 2. Let l be z(-8). Let c be (0 - l/(-9))/(3/9). What is the tens digit of (-3)/(2 + 465/c)?
3
Let s(v) = -112*v**2 + 239*v**2 - 116*v**2 - 9*v + 2. What is the hundreds digit of s(-3)?
1
Let p(r) = 30*r**2 - 4*r + 11. Let w be p(9). Suppose -6*x + 3*x - w = -5*k, -2*k + 946 = 2*x. What is the tens digit of k?
7
Suppose -j - 261 = 8*j. Let x = -28 - j. What is the tens digit of 47 + 3 + x + 0?
5
Let s be -1 - (-5 + (-30)/(-3)). What is the units digit of 2/((-4 - s)/772) + 2?
4
Let c = 16 + -15. Suppose j + c = 3. Suppose -26 = j*d - 3*d. What is the tens digit of d?
2
Let f(d) = 2143*d + 2557. What is the thousands digit of f(15)?
4
Let n = -3112 - -4023. What is the units digit of n?
1
Let v(l) = -8*l + 44. Let a = -85 - -90. Let z be v(a). What is the units digit of -38*-7*2/z?
3
What is the hundreds digit of 671 + -52 + (1 - -10)?
6
Let t = 320 - 262. What is the hundreds digit of (9 - t/6)/((-2)/2658)?
8
Let n(m) = -4065*m - 25. Let k be n(-13). What is the units digit of (4/10)/(152/k)?
9
Let y = 787 - 1364. Let u = 244 - y. What is the hundreds digit of u?
8
What is the tens digit of 20/(-12) - (-89483)/129?
9
Let s(m) = -93*m. Let w be s(-1). Let l(h) = 5*h**2 - 30*h + 163. Let x be l(5). Let d = x - w. What is the units digit of d?
5
Let t = -3006 - -5907. Suppose -2*y - 5*h + t = 0, -2*y = -4*h - 411 - 2481. What is the thousands digit of y?
1
Let t(v) be the second derivative of -16*v**4/3 - v**3/2 - v**2/2 + 9*v. Let q be t(-1). What is the hundreds digit of q/((-2)/(-7) - (-30)/(-56))?
2
Let y be 3*(-2740)/15*1. Let a = y - -1250. Suppose -11*x = -651 - a. What is the tens digit of x?
2
Suppose 4*v + 2*k - 62 = 0, 3*v + 5*k = 51 + 6. What is the units digit of ((-5148)/(-182))/(17/v - 1)?
2
Let s = 12973 + -8915. What is the thousands digit of s?
4
Let j(f) = -f**3 + 20*f**2 - 21*f + 88. What is the tens digit of j(-12)?
4
Let a be 1/((-28)/(-12) + (-2 - 0)). Let q(z) = -z**3 + 2*z**2 - 2*z + 7. Let k be q(a). Let h(x) = -3*x + 13. What is the tens digit of h(k)?
3
Suppose 0 = -2*t - 6, -5*w - 4*t = -3*t - 57. Let m = w - 12. Suppose m = -6*s + 1424 - 416. What is the hundreds digit of s?
1
Let b = 20809 - 10149. What is the units digit of b?
0
Let m(j) = 40 - 7*j + 0*j - 60 + 4*j**3 - 15*j**3. What is the hundreds digit of m(-4)?
7
Suppose -47*h + 3 = -44*h. Let z = -2 + h. What is the units digit of ((-1)/z)/(578/192 - 3)?
6
Suppose 0 = -2*d + 14, -27*x - 5*d - 122913 = -31*x. What is the thousands digit of x?
0
Let o(p) = 5*p + 37. Let c(b) = -5*b**2 + 6*b + 21. Let z(y) = -4*y**2 + 6*y + 21. Let s(f) = -3*c(f) + 4*z(f). Let j be s(9). What is the units digit of o(j)?
7
Suppose 5*i = -2*d + 15692, -264*d = -266*d - 3*i + 15692. What is the hundreds digit of d?
8
What is the units digit of -3*(-25902)/(-108)*-22?
9
Suppose 2*f - 8*j = 2132, -2*f + f - 2*j + 1066 = 0. What is the hundreds digit of f?
0
Let z = -4 + -74. Let w = 9 - z. Suppose 103 = 5*h - w. What is the units digit of h?
8
Suppose 0 = 4*o + 8*o - 48. What is the units digit of (-5 + o)*-542 - -5?
7
Suppose 7*p + 32862 = 4*k + 8*p, 0 = -2*k + 2*p + 16416. What is the hundreds digit of k?
2
Suppose -u = u - 4540. Suppose 9*n - 4*n = -u. Let g = n + 655. What is the tens digit of g?
0
What is the units digit of ((-124)/16)/(32/(-140416))?
7
Let y be 1700*(-1 + 2) + 1 + 0. Let x = 2400 - y. What is the hundreds digit of x?
6
Let t(i